False
Is 22056 a multiple of 230?
False
Does 3 divide 1793?
False
Is 5220 a multiple of 29?
True
Is 4845 a multiple of 57?
True
Does 44 divide 20724?
True
Is 605 a multiple of 2?
False
Does 20 divide 1580?
True
Is 12098 a multiple of 54?
False
Is 374 a multiple of 17?
True
Does 89 divide 4365?
False
Does 43 divide 14946?
False
Is 2 a factor of 215?
False
Does 3 divide 520?
False
Does 18 divide 99990?
True
Is 3439 a multiple of 44?
False
Is 198 a multiple of 33?
True
Is 14 a factor of 25130?
True
Does 16 divide 1856?
True
Is 16 a factor of 5360?
True
Is 1610 a multiple of 6?
False
Is 12 a factor of 816?
True
Is 66 a factor of 1650?
True
Does 29 divide 969?
False
Is 8586 a multiple of 54?
True
Is 40188 a multiple of 102?
True
Is 21 even?
False
Is 2 a factor of 43?
False
Is 1727 a multiple of 66?
False
Is 1274 a multiple of 49?
True
Is 1770 a multiple of 19?
False
Is 1593 a multiple of 78?
False
Is 1242 a multiple of 9?
True
Is 24 a multiple of 13?
False
Is 114 a multiple of 6?
True
Is 7 a factor of 116?
False
Is 13 a factor of 5499?
True
Does 26 divide 1342?
False
Is 101 a factor of 5161?
False
Does 9 divide 234?
True
Is 16 a factor of 2192?
True
Is 40 a factor of 668?
False
Does 23 divide 5765?
False
Is 4905 a multiple of 15?
True
Does 48 divide 9301?
False
Is 37 a factor of 7429?
False
Does 105 divide 44310?
True
Is 9480 a multiple of 20?
True
Is 4 a factor of 3621?
False
Is 198 a multiple of 11?
True
Is 7 a factor of 11158?
True
Does 27 divide 753?
False
Is 9888 a multiple of 96?
True
Is 174 a multiple of 51?
False
Is 255 a multiple of 13?
False
Is 14 a factor of 641?
False
Does 21 divide 1348?
False
Is 23 a factor of 2139?
True
Is 41160 a multiple of 20?
True
Does 198 divide 47058?
False
Is 144 a multiple of 36?
True
Does 13 divide 5265?
True
Does 9 divide 140?
False
Does 113 divide 1025?
False
Does 20 divide 679?
False
Is 8925 a multiple of 21?
True
Does 13 divide 987?
False
Is 784 a multiple of 14?
True
Is 2540 a multiple of 20?
True
Is 167 a factor of 13880?
False
Is 49 a factor of 10192?
True
Does 40 divide 240?
True
Does 16 divide 2020?
False
Is 996 a multiple of 57?
False
Is 3102 a multiple of 6?
True
Is 8 a factor of 33?
False
Is 333 a multiple of 2?
False
Is 14 a factor of 78524?
False
Is 73 a factor of 3639?
False
Does 15 divide 1545?
True
Is 17568 a multiple of 96?
True
Is 10032 a multiple of 33?
True
Is 81 a factor of 2548?
False
Is 95 a factor of 1950?
False
Is 1051 a multiple of 7?
False
Does 4 divide 944?
True
Does 37 divide 752?
False
Does 8 divide 10078?
False
Is 1620 a multiple of 50?
False
Does 10 divide 2295?
False
Does 16 divide 192?
True
Is 19 a factor of 198?
False
Is 93 a factor of 16432?
False
Is 16 a factor of 13909?
False
Is 7 a factor of 70?
True
Is 245 a multiple of 5?
True
Is 30 a factor of 1410?
True
Is 14 a factor of 550?
False
Is 88 a multiple of 5?
False
Is 6519 a multiple of 97?
False
Does 4 divide 21432?
True
Does 6 divide 12?
True
Is 285 a multiple of 19?
True
Is 840 a multiple of 70?
True
Does 9 divide 1546?
False
Does 4 divide 212?
True
Does 16 divide 1680?
True
Is 3 a factor of 19335?
True
Does 41 divide 2583?
True
Is 63 a factor of 2045?
False
Does 38 divide 1979?
False
Does 6 divide 3373?
False
Does 85 divide 3006?
False
Is 151 a multiple of 40?
False
Does 18 divide 226?
False
Is 39 a factor of 49569?
True
Is 1550 a multiple of 37?
False
Is 7776 a multiple of 48?
True
Does 76 divide 6460?
True
Does 14 divide 798?
True
Is 149 a factor of 11473?
True
Is 513 a multiple of 57?
True
Does 22 divide 10758?
True
Is 2453 a multiple of 180?
False
Does 35 divide 910?
True
Does 3 divide 117?
True
Is 15 a factor of 556?
False
Is 3493 a multiple of 15?
False
Is 58 a multiple of 17?
False
Is 2 a factor of 709?
False
Is 24 a factor of 756?
False
Is 124925 a multiple of 25?
True
Is 239 a factor of 65843?
False
Is 15 a factor of 750?
True
Is 50 a factor of 1800?
True
Does 37 divide 4070?
True
Is 20 a factor of 119620?
True
Does 91 divide 33215?
True
Does 19 divide 772?
False
Is 6874 a multiple of 7?
True
Is 259 a factor of 20247?
False
Is 990 a multiple of 3?
True
Does 40 divide 7085?
False
Does 9 divide 139?
False
Does 28 divide 2228?
False
Does 66 divide 761?
False
Does 82 divide 2542?
True
Is 9706 a multiple of 211?
True
Does 33 divide 4905?
False
Is 243 a multiple of 4?
False
Does 10 divide 152230?
True
Does 85 divide 71832?
False
Is 39 a factor of 390?
True
Is 15 a factor of 138945?
True
Does 151 divide 25923?
False
Does 25 divide 232?
False
Is 11 a factor of 438?
False
Does 15 divide 3276?
False
Is 9555 a multiple of 195?
True
Is 864 a multiple of 12?
True
Does 47 divide 1084?
False
Does 11 divide 1001?
True
Is 21 a factor of 14437?
False
Does 15 divide 302?
False
Is 27600 a multiple of 10?
True
Is 28777 a multiple of 153?
False
Does 11 divide 6820?
True
Is 4180 a multiple of 29?
False
Is 11 a factor of 6474?
False
Is 686 a multiple of 33?
False
Is 22310 a multiple of 97?
True
Does 11 divide 2042?
False
Does 20 divide 160020?
True
Does 15 divide 1168?
False
Is 1425 a multiple of 54?
False
Does 20 divide 10240?
True
Is 29 a factor of 37102?
False
Is 1888 a multiple of 16?
True
Does 184 divide 30069?
False
Is 13 a factor of 53365?
True
Does 23 divide 15709?
True
Does 93 divide 6598?
False
Is 7 a factor of 10471?
False
Is 1963 a multiple of 23?
False
Is 56 a multiple of 4?
True
Is 6 a factor of 918?
True
Does 211 divide 71543?
False
Is 14 a factor of 644?
True
Does 60 divide 15773?
False
Is 3 a factor of 924?
True
Is 14 a factor of 5762?
False
Does 21 divide 3528?
True
Is 262 a multiple of 33?
False
Is 9994 a multiple of 45?
False
Is 2 a factor of 173?
False
Does 50 divide 33109?
False
Does 44 divide 1056?
True
Does 21 divide 100212?
True
Is 14 a factor of 22316?
True
Is 115 a factor of 15193?
False
Is 31 a factor of 145793?
True
Is 74 a factor of 9324?
True
Is 3549 a multiple of 39?
True
Is 47 a factor of 15510?
True
Is 12 a factor of 19091?
False
Is 5 a factor of 5240?
True
Is 4556 a multiple of 68?
True
Does 14 divide 490?
True
Does 6 divide 390?
True
Does 113 divide 452?
True
Does 14 divide 13640?
False
Is 161 a factor of 13567?
False
Is 171 a multiple of 2?
False
Does 29 divide 2987?
True
Does 12 divide 3786?
False
Does 28 divide 3103?
False
Does 10 divide 2298?
False
Is 9 a factor of 3396?
False
Is 14578 a multiple of 127?
False
Does 49 divide 19110?
True
Does 76 divide 608?
True
Is 20 a factor of 2880?
True
Does 4 divide 900?
True
Is 7 a factor of 686?
True
Is 36 a factor of 1368?
True
Is 532 a multiple of 28?
True
Does 93 divide 16554?
True
Is 14 a factor of 4956?
True
Does 23 divide 8901?
True
Is 2233 a multiple of 27?
False
Is 133461 a multiple of 9?
True
Is 314 a multiple of 4?
False
Is 23 a factor of 2675?
False
Does 4 divide 102?
False
Is 105 a factor of 9699?
False
Is 583 a multiple of 3?
False
Does 39 divide 4173?
True
Does 16 divide 409?
False
Is 16 a factor of 10959?
False
Does 50 divide 14559?
False
Does 21 divide 105?
True
Is 2355 a multiple of 3?
True
Does 46 divide 311?
False
Is 1493 a multiple of 65?
False
Is 21 a factor of 3906?
True
Does 13 divide 6240?
True
Does 3 divide 201?
True
Is 14 a multiple of 12?
False
Is 6 a factor of 2262?
True
Does 77 divide 15314?
False
Is 12 a factor of 57554?
False
Is 7126 a multiple of 26?
False
Does 7 divide 3932?
False
Is 80 a factor of 1922?
False
Is 9 a factor of 117?
True
Is 27 a factor of 675?
True
Does 20 divide 40?
True
Is 3130 a multiple of 10?
True
Is 2052 a multiple of 38?
True
Does 16 divide 39544?
False
Is 16 a factor of 21472?
True
Is 249 a multiple of 4?
False
Is 9135 a multiple of 7?
True
Is 20306 a multiple of 11?
True
Is 150 a multiple of 3?
True
Is 7392 a multiple of 112?
True
Is 864 a multiple of 24?
True
Is 74 a factor of 23384?
True
Is 4668 a multiple of 98?
False
Is 31 a multiple of 19?
False
Does 22 divide 1932?
False
Is 68 a factor of 2448?
True
Does 11 divide 891?
True
Is 13673 a multiple of 46?
False
Is 14 a factor of 54?
False
Is 9 a factor of 1554?
False
Is 15 a factor of 20?
False
Is 78 a factor of 95706?
True
Is 38 a factor of 6004?
True
Is 24718 a multiple of 175?
False
Is 17 a factor of 564?
False
Is 3111 a multiple of 33?
False
Does 3 divide 105?
True
Is 31 a factor of 3797?
False
Is 60 a factor of 53274?
False
Is 45 a fa